{"id":330,"date":"2016-02-29T13:10:37","date_gmt":"2016-02-29T13:10:37","guid":{"rendered":"http:\/\/test.kriesi.at\/travel\/?page_id=2"},"modified":"2023-05-25T05:58:01","modified_gmt":"2023-05-25T05:58:01","slug":"welcome","status":"publish","type":"page","link":"https:\/\/www.mertotomotivvolvo.com\/","title":{"rendered":"Anasayfa"},"content":{"rendered":"<div id='full_slider_1'  class='avia-fullwidth-slider main_color avia-shadow   avia-builder-el-0  el_before_av_one_third  avia-builder-el-first   container_wrap sidebar_right'  ><div  class='avia-slideshow av-d129ci-b7999843f237b5cf4ec1102ba336ef10 avia-slideshow-featured_large av_slideshow_full avia-fade-slider av-slideshow-ui av-control-minimal av-slideshow-manual av-loop-once av-loop-manual-endless av-default-height-applied   avia-slideshow-1' data-slideshow-options=\"{&quot;animation&quot;:&quot;fade&quot;,&quot;autoplay&quot;:false,&quot;loop_autoplay&quot;:&quot;once&quot;,&quot;interval&quot;:6,&quot;loop_manual&quot;:&quot;manual-endless&quot;,&quot;autoplay_stopper&quot;:false,&quot;noNavigation&quot;:false,&quot;bg_slider&quot;:false,&quot;keep_padding&quot;:false,&quot;hoverpause&quot;:false,&quot;show_slide_delay&quot;:0}\"  itemprop=\"image\" itemscope=\"itemscope\" itemtype=\"https:\/\/schema.org\/ImageObject\" ><ul class='avia-slideshow-inner ' style='padding-bottom: 39.370078740157%;'><li  class='avia-slideshow-slide av-d129ci-b7999843f237b5cf4ec1102ba336ef10__0  slide-1 slide-odd'><div data-rel='slideshow-1' class='avia-slide-wrap '   ><img decoding=\"async\" class=\"wp-image-1676 avia-img-lazy-loading-not-1676\"  src=\"https:\/\/www.mertotomotivvolvo.com\/wp-content\/uploads\/2023\/05\/Slayt-Volvo.jpg\" width=\"1270\" height=\"500\" title='Slayt Volvo' alt=''  itemprop=\"thumbnailUrl\" srcset=\"https:\/\/www.mertotomotivvolvo.com\/wp-content\/uploads\/2023\/05\/Slayt-Volvo.jpg 1270w, https:\/\/www.mertotomotivvolvo.com\/wp-content\/uploads\/2023\/05\/Slayt-Volvo-300x118.jpg 300w, https:\/\/www.mertotomotivvolvo.com\/wp-content\/uploads\/2023\/05\/Slayt-Volvo-1030x406.jpg 1030w, https:\/\/www.mertotomotivvolvo.com\/wp-content\/uploads\/2023\/05\/Slayt-Volvo-768x302.jpg 768w, https:\/\/www.mertotomotivvolvo.com\/wp-content\/uploads\/2023\/05\/Slayt-Volvo-705x278.jpg 705w\" sizes=\"(max-width: 1270px) 100vw, 1270px\" \/><\/div><\/li><li  class='avia-slideshow-slide av-d129ci-b7999843f237b5cf4ec1102ba336ef10__1  slide-2 slide-even'><div data-rel='slideshow-1' class='avia-slide-wrap '   ><img decoding=\"async\" class=\"wp-image-1675 avia-img-lazy-loading-not-1675\"  src=\"https:\/\/www.mertotomotivvolvo.com\/wp-content\/uploads\/2023\/05\/Slayt-Scania.jpg\" width=\"1270\" height=\"500\" title='Slayt Scania' alt=''  itemprop=\"thumbnailUrl\" srcset=\"https:\/\/www.mertotomotivvolvo.com\/wp-content\/uploads\/2023\/05\/Slayt-Scania.jpg 1270w, https:\/\/www.mertotomotivvolvo.com\/wp-content\/uploads\/2023\/05\/Slayt-Scania-300x118.jpg 300w, https:\/\/www.mertotomotivvolvo.com\/wp-content\/uploads\/2023\/05\/Slayt-Scania-1030x406.jpg 1030w, https:\/\/www.mertotomotivvolvo.com\/wp-content\/uploads\/2023\/05\/Slayt-Scania-768x302.jpg 768w, https:\/\/www.mertotomotivvolvo.com\/wp-content\/uploads\/2023\/05\/Slayt-Scania-705x278.jpg 705w\" sizes=\"(max-width: 1270px) 100vw, 1270px\" \/><\/div><\/li><li  class='avia-slideshow-slide av-d129ci-b7999843f237b5cf4ec1102ba336ef10__2  slide-3 slide-odd'><div data-rel='slideshow-1' class='avia-slide-wrap '   ><img decoding=\"async\" class=\"wp-image-1677 avia-img-lazy-loading-not-1677\"  src=\"https:\/\/www.mertotomotivvolvo.com\/wp-content\/uploads\/2023\/05\/Slayt-Daf.jpg\" width=\"1270\" height=\"500\" title='Slayt Daf' alt=''  itemprop=\"thumbnailUrl\" srcset=\"https:\/\/www.mertotomotivvolvo.com\/wp-content\/uploads\/2023\/05\/Slayt-Daf.jpg 1270w, https:\/\/www.mertotomotivvolvo.com\/wp-content\/uploads\/2023\/05\/Slayt-Daf-300x118.jpg 300w, https:\/\/www.mertotomotivvolvo.com\/wp-content\/uploads\/2023\/05\/Slayt-Daf-1030x406.jpg 1030w, https:\/\/www.mertotomotivvolvo.com\/wp-content\/uploads\/2023\/05\/Slayt-Daf-768x302.jpg 768w, https:\/\/www.mertotomotivvolvo.com\/wp-content\/uploads\/2023\/05\/Slayt-Daf-705x278.jpg 705w\" sizes=\"(max-width: 1270px) 100vw, 1270px\" \/><\/div><\/li><li  class='avia-slideshow-slide av-d129ci-b7999843f237b5cf4ec1102ba336ef10__3  slide-4 slide-even'><div data-rel='slideshow-1' class='avia-slide-wrap '   ><img decoding=\"async\" class=\"wp-image-1674 avia-img-lazy-loading-not-1674\"  src=\"https:\/\/www.mertotomotivvolvo.com\/wp-content\/uploads\/2023\/05\/Slayt-Renault.jpg\" width=\"1270\" height=\"500\" title='Slayt Renault' alt=''  itemprop=\"thumbnailUrl\" srcset=\"https:\/\/www.mertotomotivvolvo.com\/wp-content\/uploads\/2023\/05\/Slayt-Renault.jpg 1270w, https:\/\/www.mertotomotivvolvo.com\/wp-content\/uploads\/2023\/05\/Slayt-Renault-300x118.jpg 300w, https:\/\/www.mertotomotivvolvo.com\/wp-content\/uploads\/2023\/05\/Slayt-Renault-1030x406.jpg 1030w, https:\/\/www.mertotomotivvolvo.com\/wp-content\/uploads\/2023\/05\/Slayt-Renault-768x302.jpg 768w, https:\/\/www.mertotomotivvolvo.com\/wp-content\/uploads\/2023\/05\/Slayt-Renault-705x278.jpg 705w\" sizes=\"(max-width: 1270px) 100vw, 1270px\" \/><\/div><\/li><\/ul><div class='avia-slideshow-arrows avia-slideshow-controls' ><a href='#prev' class='prev-slide ' aria-hidden='true' data-av_icon='\ue87c' data-av_iconfont='entypo-fontello'  tabindex='-1'>\u00d6nceki<\/a><a href='#next' class='next-slide ' aria-hidden='true' data-av_icon='\ue87d' data-av_iconfont='entypo-fontello'  tabindex='-1'>Sonraki<\/a><\/div><div class='avia-slideshow-dots avia-slideshow-controls'><a href='#1' class='goto-slide active' >1<\/a><a href='#2' class='goto-slide ' >2<\/a><a href='#3' class='goto-slide ' >3<\/a><a href='#4' class='goto-slide ' >4<\/a><\/div><\/div><\/div><div id='after_full_slider_1'  class='main_color av_default_container_wrap container_wrap sidebar_right'  ><div class='container av-section-cont-open' ><div class='template-page content  av-content-small alpha units'><div class='post-entry post-entry-type-page post-entry-330'><div class='entry-content-wrapper clearfix'>\n<div  class='flex_column av-8ouyay-d3b8168e10b72ac9b8d894857d490b9b av_one_third  avia-builder-el-1  el_after_av_slideshow_full  el_before_av_one_third  avia-builder-el-first  first flex_column_div  '     ><article  class='iconbox iconbox_top av-8j9o5u-e6e455d77d0a1f90714ffd0129a712f0  avia-builder-el-2  avia-builder-el-no-sibling  main_color'  itemscope=\"itemscope\" itemtype=\"https:\/\/schema.org\/CreativeWork\" ><div class=\"iconbox_content\"><header class=\"entry-content-header\"><div class=\"iconbox_icon heading-color\" aria-hidden='true' data-av_icon='\ue856' data-av_iconfont='entypo-fontello'><\/div><h3 class='iconbox_content_title '  itemprop=\"headline\" >Kaliteli Yedek Par\u00e7a Yedek Par\u00e7ada G\u00fcvenli Adres<\/h3><\/header><div class='iconbox_content_container '  itemprop=\"text\" ><\/div><\/div><footer class=\"entry-footer\"><\/footer><\/article><\/div><div  class='flex_column av-s7p2i-177cb891d93cb2d77e3baa59b94f3e84 av_one_third  avia-builder-el-3  el_after_av_one_third  el_before_av_one_third  flex_column_div  '     ><article  class='iconbox iconbox_top av-li1s5t5r-ccd0d09734289487972b2f33b7768c3b  avia-builder-el-4  avia-builder-el-no-sibling  main_color'  itemscope=\"itemscope\" itemtype=\"https:\/\/schema.org\/CreativeWork\" ><div class=\"iconbox_content\"><header class=\"entry-content-header\"><div class=\"iconbox_icon heading-color\" aria-hidden='true' data-av_icon='\ue856' data-av_iconfont='entypo-fontello'><\/div><h3 class='iconbox_content_title '  itemprop=\"headline\" >H\u0131zl\u0131 ve G\u00fcvenli \u00c7\u00f6z\u00fcm Do\u011fru Par\u00e7a Tespiti Ve H\u0131zl\u0131 Temin<\/h3><\/header><div class='iconbox_content_container '  itemprop=\"text\" ><\/div><\/div><footer class=\"entry-footer\"><\/footer><\/article><\/div><div  class='flex_column av-nfbtm-5633634edfb65c8811607f1228fe1c4e av_one_third  avia-builder-el-5  el_after_av_one_third  el_before_av_heading  flex_column_div  '     ><article  class='iconbox iconbox_top av-li1s64nd-d4a4ff65d89c771b1f34867c809306af  avia-builder-el-6  avia-builder-el-no-sibling  main_color'  itemscope=\"itemscope\" itemtype=\"https:\/\/schema.org\/CreativeWork\" ><div class=\"iconbox_content\"><header class=\"entry-content-header\"><div class=\"iconbox_icon heading-color\" aria-hidden='true' data-av_icon='\ue856' data-av_iconfont='entypo-fontello'><\/div><h3 class='iconbox_content_title '  itemprop=\"headline\" >Yedek Par\u00e7a Deponuz Volvo Scania Renault Daf Yedek Par\u00e7a Deponuz.<\/h3><\/header><div class='iconbox_content_container '  itemprop=\"text\" ><\/div><\/div><footer class=\"entry-footer\"><\/footer><\/article><\/div>\n<style type=\"text\/css\" data-created_by=\"avia_inline_auto\" id=\"style-css-av-li1s7qcz-177743960f0834a65efd0367eb0c6735\">\n#top .av-special-heading.av-li1s7qcz-177743960f0834a65efd0367eb0c6735{\npadding-bottom:10px;\n}\nbody .av-special-heading.av-li1s7qcz-177743960f0834a65efd0367eb0c6735 .av-special-heading-tag .heading-char{\nfont-size:25px;\n}\n.av-special-heading.av-li1s7qcz-177743960f0834a65efd0367eb0c6735 .av-subheading{\nfont-size:15px;\n}\n<\/style>\n<div  class='av-special-heading av-li1s7qcz-177743960f0834a65efd0367eb0c6735 av-special-heading-h3 blockquote modern-quote modern-centered  avia-builder-el-7  el_after_av_one_third  el_before_av_one_half '><h3 class='av-special-heading-tag'  itemprop=\"headline\"  >MERT OTOMOT\u0130V SANAY\u0130 VE T\u0130CARET ADEM T\u00dcRKMEN<\/h3><div class=\"special-heading-border\"><div class=\"special-heading-inner-border\"><\/div><\/div><\/div><\/p>\n<div  class='flex_column av-ddei2-4009b83ee08b95f52efd34f2e3c5d3b8 av_one_half  avia-builder-el-8  el_after_av_heading  el_before_av_one_half  first flex_column_div  '     ><section  class='av_textblock_section av-li1s8bat-465eac75aff6b00275001eb68ff73056 '   itemscope=\"itemscope\" itemtype=\"https:\/\/schema.org\/CreativeWork\" ><div class='avia_textblock'  itemprop=\"text\" ><p><strong>MERT OTOMOT\u0130V SAN.T\u0130C. ADEM T\u00dcRKMEN<\/strong><br \/>\n<strong>\u0130.O.S.B. DOLAPDERE SANAY\u0130 S\u0130TES\u0130<\/strong><br \/>\n<strong>19.ADA NO:5 \u0130K\u0130TELL\u0130-BA\u015eAK\u015eEH\u0130R-\u0130STANBUL<\/strong><br \/>\n<strong>TEL: 0 212 494 48 66<\/strong><br \/>\n<strong>0 212 494 48 69<\/strong><br \/>\n<strong>Gsm: 0533 399 31 48<\/strong><br \/>\n<strong>EMA\u0130L: info@mertotomotivvolvo.com<\/strong><\/p>\n<\/div><\/section><\/div><div  class='flex_column av-83jmi-bb8f661841ed05f3a308e51cb1f313ff av_one_half  avia-builder-el-10  el_after_av_one_half  avia-builder-el-last  flex_column_div  '     ><section  class='av_textblock_section av-li1s8ir8-720863b9923d5b2a7061ec5a70ba9952 '   itemscope=\"itemscope\" itemtype=\"https:\/\/schema.org\/CreativeWork\" ><div class='avia_textblock'  itemprop=\"text\" ><p><strong>\u015eUBE: KEMALPA\u015eA MH. 7419\/11 SK.<\/strong><br \/>\n<strong>N0:50\/A 5.SAN. S\u0130T. BORNOVA \/\u0130ZM\u0130R<\/strong><br \/>\n<strong>Tel: 0232 479 30 55<\/strong><br \/>\n<strong>Gsm: 0533 580 79 19<br \/>\n<\/strong><strong>Gsm: 0505 690 76 77<\/strong><\/p>\n<\/div><\/section><\/div><\/p>\n","protected":false},"excerpt":{"rendered":"","protected":false},"author":1,"featured_media":0,"parent":0,"menu_order":0,"comment_status":"closed","ping_status":"open","template":"","meta":{"footnotes":""},"class_list":["post-330","page","type-page","status-publish","hentry"],"_links":{"self":[{"href":"https:\/\/www.mertotomotivvolvo.com\/index.php?rest_route=\/wp\/v2\/pages\/330","targetHints":{"allow":["GET"]}}],"collection":[{"href":"https:\/\/www.mertotomotivvolvo.com\/index.php?rest_route=\/wp\/v2\/pages"}],"about":[{"href":"https:\/\/www.mertotomotivvolvo.com\/index.php?rest_route=\/wp\/v2\/types\/page"}],"author":[{"embeddable":true,"href":"https:\/\/www.mertotomotivvolvo.com\/index.php?rest_route=\/wp\/v2\/users\/1"}],"replies":[{"embeddable":true,"href":"https:\/\/www.mertotomotivvolvo.com\/index.php?rest_route=%2Fwp%2Fv2%2Fcomments&post=330"}],"version-history":[{"count":16,"href":"https:\/\/www.mertotomotivvolvo.com\/index.php?rest_route=\/wp\/v2\/pages\/330\/revisions"}],"predecessor-version":[{"id":1702,"href":"https:\/\/www.mertotomotivvolvo.com\/index.php?rest_route=\/wp\/v2\/pages\/330\/revisions\/1702"}],"wp:attachment":[{"href":"https:\/\/www.mertotomotivvolvo.com\/index.php?rest_route=%2Fwp%2Fv2%2Fmedia&parent=330"}],"curies":[{"name":"wp","href":"https:\/\/api.w.org\/{rel}","templated":true}]}}