{"id":1165,"date":"2023-05-24T14:40:16","date_gmt":"2023-05-24T11:40:16","guid":{"rendered":"https:\/\/www.mertotomotivvolvo.com\/?page_id=1165"},"modified":"2023-05-24T14:40:16","modified_gmt":"2023-05-24T11:40:16","slug":"hakkimizda","status":"publish","type":"page","link":"https:\/\/www.mertotomotivvolvo.com\/?page_id=1165","title":{"rendered":"Hakk\u0131m\u0131zda"},"content":{"rendered":"<section  class='av_textblock_section av-li1miic7-16d7deb5a67685a0e66dc686ec813530 '   itemscope=\"itemscope\" itemtype=\"https:\/\/schema.org\/CreativeWork\" ><div class='avia_textblock'  itemprop=\"text\" ><div id=\"container\">\n<div class=\"content_holder\">\n<div class=\"content_second_background\">\n<div class=\"content_area clearfix\">\n<section class=\"content_block_background\">\n<section id=\"row-2282\" class=\"content_block clearfix\">\n<section id=\"post-2282\" class=\"content full post-2282 page type-page status-publish hentry\">\n<div class=\"row\">\n<p><strong>Mert Otomotiv Sanayi ve Ticaret<em>\u00a0\u00a0<\/em><\/strong>15 y\u0131ll\u0131k tecr\u00fcbesi ile 2010 y\u0131l\u0131ndan bu g\u00fcne Scania, Volvo, Daf, Renault, yedek par\u00e7a sat\u0131\u015f\u0131 ve \u00a0uzman kadrosu \u00a0ile teknik destek \u00a0hizmeti vermektedir.<\/p>\n<p>\u00dcr\u00fcnlerimiz \u00a0 ISO\/TS 16949 kalite standartlar\u0131ndad\u0131r.<\/p>\n<p>Her ge\u00e7en g\u00fcn geli\u015fen \u00fcr\u00fcn yelpazemiz \u00a0ve hizmet kalitemizle;\u00a0<strong>Scania, Volvo, DAF, Renault<\/strong>,\u00a0 kamyon ve \u00e7ekiciler i\u00e7in motor, so\u011futma sistemi, yak\u0131t ve egzoz \u00a0sistemi, debriyaj, \u015fanz\u0131man, kardan mili, \u00f6n dingil, arka dingil, porya \u00a0v.b. donan\u0131mlarla \u00fcr\u00fcn \u00e7e\u015fitlili\u011fimizi gelecek y\u0131llarda da geni\u015fleterek hizmet vermeyi hedeflemekteyiz.<\/p>\n<p><strong>Mert Otomotiv<\/strong>\u00a0\u00a0ailesi olarak \u00a0siz de\u011ferli m\u00fc\u015fterilerimizin hizmet sunmaktan dolay\u0131 son derece mutlu ve gururluyuz.<\/p>\n<p><strong>Mert Otomotiv Sanayi ve Ticaret Adem T\u00dcRKMEN<\/strong><\/p>\n<\/div>\n<\/section>\n<\/section>\n<\/section>\n<\/div>\n<\/div>\n<\/div>\n<\/div>\n<\/div><\/section>\n","protected":false},"excerpt":{"rendered":"","protected":false},"author":1,"featured_media":0,"parent":0,"menu_order":0,"comment_status":"closed","ping_status":"closed","template":"","meta":{"footnotes":""},"class_list":["post-1165","page","type-page","status-publish","hentry"],"_links":{"self":[{"href":"https:\/\/www.mertotomotivvolvo.com\/index.php?rest_route=\/wp\/v2\/pages\/1165","targetHints":{"allow":["GET"]}}],"collection":[{"href":"https:\/\/www.mertotomotivvolvo.com\/index.php?rest_route=\/wp\/v2\/pages"}],"about":[{"href":"https:\/\/www.mertotomotivvolvo.com\/index.php?rest_route=\/wp\/v2\/types\/page"}],"author":[{"embeddable":true,"href":"https:\/\/www.mertotomotivvolvo.com\/index.php?rest_route=\/wp\/v2\/users\/1"}],"replies":[{"embeddable":true,"href":"https:\/\/www.mertotomotivvolvo.com\/index.php?rest_route=%2Fwp%2Fv2%2Fcomments&post=1165"}],"version-history":[{"count":0,"href":"https:\/\/www.mertotomotivvolvo.com\/index.php?rest_route=\/wp\/v2\/pages\/1165\/revisions"}],"wp:attachment":[{"href":"https:\/\/www.mertotomotivvolvo.com\/index.php?rest_route=%2Fwp%2Fv2%2Fmedia&parent=1165"}],"curies":[{"name":"wp","href":"https:\/\/api.w.org\/{rel}","templated":true}]}}